{"id":82,"date":"2023-08-20T18:00:27","date_gmt":"2023-08-20T16:00:27","guid":{"rendered":"https:\/\/et-ergo.fr\/?page_id=82"},"modified":"2024-09-02T10:42:09","modified_gmt":"2024-09-02T08:42:09","slug":"tarifs-financements","status":"publish","type":"page","link":"https:\/\/et-ergo.fr\/index.php\/tarifs-financements\/","title":{"rendered":"Tarifs\/Financements"},"content":{"rendered":"\t\t<div data-elementor-type=\"wp-page\" data-elementor-id=\"82\" class=\"elementor elementor-82\">\n\t\t\t\t\t\t\t\t\t<section class=\"elementor-section elementor-top-section elementor-element elementor-element-0d3de8f elementor-section-boxed elementor-section-height-default elementor-section-height-default\" data-id=\"0d3de8f\" data-element_type=\"section\">\n\t\t\t\t\t\t<div class=\"elementor-container elementor-column-gap-default\">\n\t\t\t\t\t<div class=\"elementor-column elementor-col-100 elementor-top-column elementor-element elementor-element-ae1d050\" data-id=\"ae1d050\" data-element_type=\"column\">\n\t\t\t<div class=\"elementor-widget-wrap elementor-element-populated\">\n\t\t\t\t\t\t\t\t<div class=\"elementor-element elementor-element-ee5140f elementor-widget elementor-widget-heading\" data-id=\"ee5140f\" data-element_type=\"widget\" data-widget_type=\"heading.default\">\n\t\t\t\t<div class=\"elementor-widget-container\">\n\t\t\t<style>\/*! elementor - v3.15.0 - 20-08-2023 *\/\n.elementor-heading-title{padding:0;margin:0;line-height:1}.elementor-widget-heading .elementor-heading-title[class*=elementor-size-]>a{color:inherit;font-size:inherit;line-height:inherit}.elementor-widget-heading .elementor-heading-title.elementor-size-small{font-size:15px}.elementor-widget-heading .elementor-heading-title.elementor-size-medium{font-size:19px}.elementor-widget-heading .elementor-heading-title.elementor-size-large{font-size:29px}.elementor-widget-heading .elementor-heading-title.elementor-size-xl{font-size:39px}.elementor-widget-heading .elementor-heading-title.elementor-size-xxl{font-size:59px}<\/style><h2 class=\"elementor-heading-title elementor-size-default\">Tarifs des interventions <\/h2>\t\t<\/div>\n\t\t\t\t<\/div>\n\t\t\t\t\t<\/div>\n\t\t<\/div>\n\t\t\t\t\t\t\t<\/div>\n\t\t<\/section>\n\t\t\t\t<section class=\"elementor-section elementor-top-section elementor-element elementor-element-fef979e elementor-section-boxed elementor-section-height-default elementor-section-height-default\" data-id=\"fef979e\" data-element_type=\"section\">\n\t\t\t\t\t\t<div class=\"elementor-container elementor-column-gap-default\">\n\t\t\t\t\t<div class=\"elementor-column elementor-col-100 elementor-top-column elementor-element elementor-element-cc44d5f\" data-id=\"cc44d5f\" data-element_type=\"column\">\n\t\t\t<div class=\"elementor-widget-wrap elementor-element-populated\">\n\t\t\t\t\t\t\t\t<div class=\"elementor-element elementor-element-ff95f4a elementor-widget elementor-widget-text-editor\" data-id=\"ff95f4a\" data-element_type=\"widget\" data-widget_type=\"text-editor.default\">\n\t\t\t\t<div class=\"elementor-widget-container\">\n\t\t\t<style>\/*! elementor - v3.15.0 - 20-08-2023 *\/\n.elementor-widget-text-editor.elementor-drop-cap-view-stacked .elementor-drop-cap{background-color:#69727d;color:#fff}.elementor-widget-text-editor.elementor-drop-cap-view-framed .elementor-drop-cap{color:#69727d;border:3px solid;background-color:transparent}.elementor-widget-text-editor:not(.elementor-drop-cap-view-default) .elementor-drop-cap{margin-top:8px}.elementor-widget-text-editor:not(.elementor-drop-cap-view-default) .elementor-drop-cap-letter{width:1em;height:1em}.elementor-widget-text-editor .elementor-drop-cap{float:left;text-align:center;line-height:1;font-size:50px}.elementor-widget-text-editor .elementor-drop-cap-letter{display:inline-block}<\/style>\t\t\t\t<p><em>Tarifs en vigueur \u00e0 partir du 1er janvier 2023<\/em><\/p>\n<ul>\n<li>S\u00e9ance de 45 minutes au cabinet : 50 euros<\/li>\n<li>S\u00e9ance de 45 minutes \u00e0 domicile\/\u00e9cole\/coll\u00e8ge : 58 euros<\/li>\n<li>Bilan complet (entretien avec la famille, passation du bilan, compte-rendu) : 250 euros<\/li>\n<li>Participation \u00e0 une r\u00e9union scolaire : 58 euros<\/li>\n<\/ul>\t\t\t\t\t\t<\/div>\n\t\t\t\t<\/div>\n\t\t\t\t\t<\/div>\n\t\t<\/div>\n\t\t\t\t\t\t\t<\/div>\n\t\t<\/section>\n\t\t\t\t<section class=\"elementor-section elementor-top-section elementor-element elementor-element-511f874 elementor-section-boxed elementor-section-height-default elementor-section-height-default\" data-id=\"511f874\" data-element_type=\"section\">\n\t\t\t\t\t\t<div class=\"elementor-container elementor-column-gap-default\">\n\t\t\t\t\t<div class=\"elementor-column elementor-col-100 elementor-top-column elementor-element elementor-element-78720fd\" data-id=\"78720fd\" data-element_type=\"column\">\n\t\t\t<div class=\"elementor-widget-wrap elementor-element-populated\">\n\t\t\t\t\t\t\t\t<div class=\"elementor-element elementor-element-f8e1812 elementor-widget elementor-widget-heading\" data-id=\"f8e1812\" data-element_type=\"widget\" data-widget_type=\"heading.default\">\n\t\t\t\t<div class=\"elementor-widget-container\">\n\t\t\t<h2 class=\"elementor-heading-title elementor-size-default\">Aides financi\u00e8res<\/h2>\t\t<\/div>\n\t\t\t\t<\/div>\n\t\t\t\t\t<\/div>\n\t\t<\/div>\n\t\t\t\t\t\t\t<\/div>\n\t\t<\/section>\n\t\t\t\t<section class=\"elementor-section elementor-top-section elementor-element elementor-element-8a485d0 elementor-section-boxed elementor-section-height-default elementor-section-height-default\" data-id=\"8a485d0\" data-element_type=\"section\">\n\t\t\t\t\t\t<div class=\"elementor-container elementor-column-gap-default\">\n\t\t\t\t\t<div class=\"elementor-column elementor-col-100 elementor-top-column elementor-element elementor-element-76acd4a\" data-id=\"76acd4a\" data-element_type=\"column\">\n\t\t\t<div class=\"elementor-widget-wrap elementor-element-populated\">\n\t\t\t\t\t\t\t\t<div class=\"elementor-element elementor-element-ca436ea elementor-widget elementor-widget-text-editor\" data-id=\"ca436ea\" data-element_type=\"widget\" data-widget_type=\"text-editor.default\">\n\t\t\t\t<div class=\"elementor-widget-container\">\n\t\t\t\t\t\t\t<p>A l&rsquo;heure actuelle, les actes des ergoth\u00e9rapeutes ne sont pas rembours\u00e9s par l&rsquo;assurance maladie. Il existe toutefois des aides possibles par divers organismes <\/p><ul><li><strong>MDPH <\/strong>: Apr\u00e8s une reconnaissance de handicap, il est possible de demander une aide financi\u00e8re pour des actes ergoth\u00e9rapiques.<\/li><li><strong>Mutuelle<\/strong> : De plus en plus de mutuelles participent aux frais li\u00e9s \u00e0 l&rsquo;ergoth\u00e9rapie. Il est possible de faire une demande \u00e9crite accompagn\u00e9 du devis aupr\u00e8s de votre mutuelle.<\/li><li><strong>Prestation extra-l\u00e9gale de l&rsquo;assurance maladie<\/strong> : Il existe un protocole de soin pour les personnes plac\u00e9es en Affection Longue Dur\u00e9e permettant de demander une participation li\u00e9e aux actes ergoth\u00e9rapiques et aux transports pour se rendre au cabinet. Demandez conseil \u00e0 votre medecin traitant ou votre caisse d&rsquo;assurance maladie.<\/li><li><strong>Comit\u00e9 d&rsquo;entreprise<\/strong><\/li><li><strong>Assurance diverses<\/strong>&#8230;<\/li><\/ul><p class=\"font7\">\u00a0<\/p>\t\t\t\t\t\t<\/div>\n\t\t\t\t<\/div>\n\t\t\t\t\t<\/div>\n\t\t<\/div>\n\t\t\t\t\t\t\t<\/div>\n\t\t<\/section>\n\t\t\t\t\t\t\t<\/div>\n\t\t","protected":false},"excerpt":{"rendered":"<p>Cabinet Ergoth\u00e9rapie Elancourt<br \/>\nElodie TAVAN Ergoth\u00e9rapeute<\/p>\n","protected":false},"author":1,"featured_media":0,"parent":0,"menu_order":0,"comment_status":"closed","ping_status":"closed","template":"","meta":{"footnotes":""},"class_list":["post-82","page","type-page","status-publish","hentry","without-featured-image"],"_links":{"self":[{"href":"https:\/\/et-ergo.fr\/index.php\/wp-json\/wp\/v2\/pages\/82","targetHints":{"allow":["GET"]}}],"collection":[{"href":"https:\/\/et-ergo.fr\/index.php\/wp-json\/wp\/v2\/pages"}],"about":[{"href":"https:\/\/et-ergo.fr\/index.php\/wp-json\/wp\/v2\/types\/page"}],"author":[{"embeddable":true,"href":"https:\/\/et-ergo.fr\/index.php\/wp-json\/wp\/v2\/users\/1"}],"replies":[{"embeddable":true,"href":"https:\/\/et-ergo.fr\/index.php\/wp-json\/wp\/v2\/comments?post=82"}],"version-history":[{"count":11,"href":"https:\/\/et-ergo.fr\/index.php\/wp-json\/wp\/v2\/pages\/82\/revisions"}],"predecessor-version":[{"id":372,"href":"https:\/\/et-ergo.fr\/index.php\/wp-json\/wp\/v2\/pages\/82\/revisions\/372"}],"wp:attachment":[{"href":"https:\/\/et-ergo.fr\/index.php\/wp-json\/wp\/v2\/media?parent=82"}],"curies":[{"name":"wp","href":"https:\/\/api.w.org\/{rel}","templated":true}]}}